{"id":266,"date":"2012-09-25T16:17:26","date_gmt":"2012-09-25T23:17:26","guid":{"rendered":"http:\/\/www.amicaledessommeliers.com\/ASQO\/?page_id=266"},"modified":"2025-01-11T07:24:18","modified_gmt":"2025-01-11T14:24:18","slug":"cours","status":"publish","type":"page","link":"https:\/\/www.amicaledessommeliers.com\/Outaouais\/cours\/","title":{"rendered":"Cours"},"content":{"rendered":"<p>Les cours et ateliers suivant sont offerts par la section Outaouais<\/p>\n<p>Ces cours sont pour toute personne qui appr\u00e9cie le vin et qui d\u00e9sire en savoir plus sur le sujet dans un contexte Amicaliste.<\/p>\n<p><strong>I \u2013 Initiation \u00e0 la d\u00e9gustation<\/strong><br \/>\nQuatre cours bas\u00e9s sur la connaissance technique de la d\u00e9gustation du vin et des accords des mets et des vins.<br \/>\nPour en savoir plus,\u00a0 suivez ce lien : <a href=\"https:\/\/www.amicaledessommeliers.com\/Outaouais\/cours\/cours-1\/\">Initiation \u00e0 la d\u00e9gustation <\/a><\/p>\n<p><strong>IV \u2013 Atelier &#8211; Vins d\u2019Italie<\/strong><br \/>\nDeux cours bas\u00e9s \u00e0 la fois sur la d\u00e9couverte du vignoble italien et sur la connaissance pratique de l\u2019art de la d\u00e9gustation.<br \/>\nPour en savoir plus,\u00a0 suivez ce lien : <a href=\"https:\/\/www.amicaledessommeliers.com\/Outaouais\/cours\/cours-4\/\">Atelier &#8211; Vins d&rsquo;Italie<\/a><\/p>\n<p><strong>V \u2013 Atelier &#8211; Vins de Californie<\/strong><br \/>\nDeux cours bas\u00e9s \u00e0 la fois sur la d\u00e9couverte du vignoble californien et sur la connaissance pratique de l\u2019art de la d\u00e9gustation.<br \/>\n[Pour en savoir plus,\u00a0 suivez ce lien : <a href=\"https:\/\/www.amicaledessommeliers.com\/Outaouais\/cours\/atelier-vins-de-californie-2\/\">Atelier &#8211; Vins de Californie<\/a><\/p>\n<p><strong>VI \u2013 Atelier &#8211; Champagnes et vins mousseux<\/strong><br \/>\nDeux cours bas\u00e9s \u00e0 la fois sur la d\u00e9couverte du vignoble champenois et sur la connaissance pratique de l\u2019art de la d\u00e9gustation.<br \/>\n[Pour en savoir plus,\u00a0 suivez ce lien : <a href=\"https:\/\/www.amicaledessommeliers.com\/Outaouais\/cours\/atelier-champagnes-et-mousseux\/\">Atelier &#8211; Champagnes et vins mousseux<\/a><\/p>\n<p><strong>VII \u2013 Atelier \u2013 Vins de Bordeaux<\/strong><br \/>\nDeux cours bas\u00e9s \u00e0 la fois sur la d\u00e9couverte du vignoble bordelais et sur la connaissance pratique de l\u2019art de la d\u00e9gustation.<br \/>\nPour en savoir plus,\u00a0 suivez ce lien : <a href=\"https:\/\/www.amicaledessommeliers.com\/Outaouais\/cours\/atelier-vins-de-bordeaux\/\">Atelier &#8211; Vins de Bordeaux<\/a><\/p>\n<p><strong>Atelier \u2500 Le vin d\u00e9crypt\u00e9, la science et la d\u00e9gustation<\/strong><br \/>\nDeux cours bas\u00e9s sur la d\u00e9couverte des multiples facettes du vin et sur la connaissance pratique de l\u2019art de la d\u00e9gustation.<br \/>\nPour en savoir plus,\u00a0 suivez ce lien : <a href=\"https:\/\/www.amicaledessommeliers.com\/Outaouais\/atelier-le-vin-decrypte-la-science-et-la-degustation\/\">Atelier &#8211; Le vin d\u00e9crypt\u00e9, la science et la d\u00e9gustation<\/a><\/p>\n<p class=\"entry-title\"><strong>Atelier \u2500 Vins du Canada-Qu\u00e9bec<\/strong><br \/>\nDeux cours bas\u00e9s \u00e0 la fois sur la d\u00e9couverte des vignobles canadiens et qu\u00e9b\u00e9cois et sur la connaissance pratique de l\u2019art de la d\u00e9gustation.<br \/>\nPour en savoir plus,\u00a0 suivez ce lien : <a href=\"https:\/\/www.amicaledessommeliers.com\/Outaouais\/cours\/atelier-vins-du-canada-quebec\/\">Atelier &#8211; Vins du Canada-Qu\u00e9bec<\/a><\/p>\n<p>Les cours se tiennent au Jardin du Ch\u00e2teau<br \/>\n100, rue du Ch\u00e2teau,<br \/>\nGatineau (Qu\u00e9bec) J9A 1S9<br \/>\n<strong>Renseignements<\/strong><\/p>\n<p>Yves Bovet \u00e0 <a href=\"mailto:yvesbovet007@gmail.com\">yvesbovet007@gmail.com<\/a><\/p>\n<p><iframe src=\"https:\/\/maps.google.ca\/maps?f=d&amp;source=s_d&amp;saddr=100+Rue+du+Ch%C3%A2teau,+Gatineau,+QC&amp;daddr=&amp;hl=en&amp;geocode=&amp;aq=3&amp;oq=100+du+cha&amp;sll=45.485499,-75.626926&amp;sspn=0.488138,0.750504&amp;mra=ls&amp;ie=UTF8&amp;t=m&amp;ll=45.485169,-75.627136&amp;spn=0.462147,0.878906&amp;z=10&amp;output=embed\" width=\"640\" height=\"480\" frameborder=\"0\" marginwidth=\"0\" marginheight=\"0\" scrolling=\"no\"><\/iframe><br \/>\n<small><a style=\"color: #0000ff; text-align: left;\" href=\"https:\/\/maps.google.ca\/maps?f=d&amp;source=embed&amp;saddr=100+Rue+du+Ch%C3%A2teau,+Gatineau,+QC&amp;daddr=&amp;hl=en&amp;geocode=&amp;aq=3&amp;oq=100+du+cha&amp;sll=45.485499,-75.626926&amp;sspn=0.488138,0.750504&amp;mra=ls&amp;ie=UTF8&amp;t=m&amp;ll=45.485169,-75.627136&amp;spn=0.462147,0.878906&amp;z=10\">View Larger Map<\/a><\/small><\/p>\n","protected":false},"excerpt":{"rendered":"<p>Les cours et ateliers suivant sont offerts par la section Outaouais Ces cours sont pour toute personne qui appr\u00e9cie le vin et qui d\u00e9sire en savoir plus sur le sujet dans un contexte Amicaliste. I \u2013 Initiation \u00e0 la d\u00e9gustation Quatre cours bas\u00e9s sur la connaissance technique de la d\u00e9gustation du vin et des accords des mets et des vins. Pour en savoir plus,\u00a0 suivez ce lien : Initiation \u00e0<\/p>\n<p><a class=\"more-link\" href=\"https:\/\/www.amicaledessommeliers.com\/Outaouais\/cours\/\">Lire la suite&#8230;<\/a><\/p>\n","protected":false},"author":10,"featured_media":0,"parent":0,"menu_order":2,"comment_status":"open","ping_status":"closed","template":"","meta":{"_seopress_robots_primary_cat":"","_seopress_titles_title":"","_seopress_titles_desc":"","_seopress_robots_index":"","footnotes":""},"class_list":["post-266","page","type-page","status-publish","hentry"],"_links":{"self":[{"href":"https:\/\/www.amicaledessommeliers.com\/Outaouais\/wp-json\/wp\/v2\/pages\/266","targetHints":{"allow":["GET"]}}],"collection":[{"href":"https:\/\/www.amicaledessommeliers.com\/Outaouais\/wp-json\/wp\/v2\/pages"}],"about":[{"href":"https:\/\/www.amicaledessommeliers.com\/Outaouais\/wp-json\/wp\/v2\/types\/page"}],"author":[{"embeddable":true,"href":"https:\/\/www.amicaledessommeliers.com\/Outaouais\/wp-json\/wp\/v2\/users\/10"}],"replies":[{"embeddable":true,"href":"https:\/\/www.amicaledessommeliers.com\/Outaouais\/wp-json\/wp\/v2\/comments?post=266"}],"version-history":[{"count":78,"href":"https:\/\/www.amicaledessommeliers.com\/Outaouais\/wp-json\/wp\/v2\/pages\/266\/revisions"}],"predecessor-version":[{"id":5898,"href":"https:\/\/www.amicaledessommeliers.com\/Outaouais\/wp-json\/wp\/v2\/pages\/266\/revisions\/5898"}],"wp:attachment":[{"href":"https:\/\/www.amicaledessommeliers.com\/Outaouais\/wp-json\/wp\/v2\/media?parent=266"}],"curies":[{"name":"wp","href":"https:\/\/api.w.org\/{rel}","templated":true}]}}