{"id":2826,"date":"2015-07-14T13:52:28","date_gmt":"2015-07-14T20:52:28","guid":{"rendered":"http:\/\/www.amicaledessommeliers.com\/ASQO\/?page_id=2826"},"modified":"2025-08-14T12:04:44","modified_gmt":"2025-08-14T19:04:44","slug":"cours-4","status":"publish","type":"page","link":"https:\/\/www.amicaledessommeliers.com\/Outaouais\/cours\/cours-4\/","title":{"rendered":"Atelier &#8211; Vins d&rsquo;Italie"},"content":{"rendered":"<p><strong>Atelier &#8211; Vins d&rsquo;Italie<br \/>\n<\/strong><\/p>\n<p>Section Outaouais : membres \u00e0 120 $ &#8211; non-membres \u00e0 120 $. Comprend pour 2 soirs, le mat\u00e9riel didactique et la d\u00e9gustation d\u2019au moins cinq vins de qualit\u00e9 par soir.<\/p>\n<p><strong>Description<\/strong><\/p>\n<p><strong>Pr\u00e9requis <\/strong>: Toute personne qui a une connaissance de base de la d\u00e9gustation et d\u00e9sire en apprendre davantage.<\/p>\n<p><strong>Format <\/strong>: Deux cours bas\u00e9s \u00e0 la fois sur la d\u00e9couverte du vignoble italien et sur la connaissance pratique de l\u2019art de la d\u00e9gustation.<\/p>\n<p><strong>Objectifs<\/strong><\/p>\n<p>\u2022 Acqu\u00e9rir une connaissance du vignoble italien, des r\u00e8gles et des normes qui le r\u00e9gissent.<br \/>\n\u2022 D\u00e9couvrir les principales r\u00e9gions viticoles italiennes.<br \/>\n\u2022 D\u00e9velopper et perfectionner la technique de la d\u00e9gustation.<\/p>\n<p><strong>Contenu<\/strong><\/p>\n<p>\u2022 Aper\u00e7u, histoire, g\u00e9ographie, climat, c\u00e9pages et terminologie viticole de l\u2019Italie.<br \/>\n\u2022 \u00c9tude du syst\u00e8me d\u2019appellations et compr\u00e9hension des \u00e9tiquettes de bouteilles.<br \/>\n\u2022 \u00c9tude des principales r\u00e9gions viticoles du nord, du centre et du sud de l\u2019Italie.<br \/>\n\u2022 Exercices pratiques de d\u00e9gustation et approfondissement du vocabulaire.<\/p>\n<p><a href=\"https:\/\/www.amicaledessommeliers.com\/Outaouais\/cours\/calendrier-des-cours\/\">calendrier et Inscription<\/a><\/p>\n<p><strong>Renseignements\u00a0: <\/strong>Yves Bovet \u00e0 <a href=\"mailto:ASQO-cours@amicaledessommeliers.com\">ASQO-cours@amicaledessommeliers.com<\/a> ou au 819 778-6605.\u00a0Vous avez des questions ou vous d\u00e9sirez obtenir plus d&rsquo;information sur les cours de l&rsquo;Amicale des sommeliers du Qu\u00e9bec en Outaouais, communiquez avec Yves, il se fera un plaisir de vous r\u00e9pondre.<\/p>\n","protected":false},"excerpt":{"rendered":"<p>Atelier &#8211; Vins d&rsquo;Italie Section Outaouais : membres \u00e0 120 $ &#8211; non-membres \u00e0 120 $. Comprend pour 2 soirs, le mat\u00e9riel didactique et la d\u00e9gustation d\u2019au moins cinq vins de qualit\u00e9 par soir. Description Pr\u00e9requis : Toute personne qui a une connaissance de base de la d\u00e9gustation et d\u00e9sire en apprendre davantage. Format : Deux cours bas\u00e9s \u00e0 la fois sur la d\u00e9couverte du vignoble italien et sur la<\/p>\n<p><a class=\"more-link\" href=\"https:\/\/www.amicaledessommeliers.com\/Outaouais\/cours\/cours-4\/\">Lire la suite&#8230;<\/a><\/p>\n","protected":false},"author":3,"featured_media":0,"parent":266,"menu_order":4,"comment_status":"open","ping_status":"open","template":"","meta":{"_seopress_robots_primary_cat":"","_seopress_titles_title":"","_seopress_titles_desc":"","_seopress_robots_index":"","footnotes":""},"class_list":["post-2826","page","type-page","status-publish","hentry"],"_links":{"self":[{"href":"https:\/\/www.amicaledessommeliers.com\/Outaouais\/wp-json\/wp\/v2\/pages\/2826","targetHints":{"allow":["GET"]}}],"collection":[{"href":"https:\/\/www.amicaledessommeliers.com\/Outaouais\/wp-json\/wp\/v2\/pages"}],"about":[{"href":"https:\/\/www.amicaledessommeliers.com\/Outaouais\/wp-json\/wp\/v2\/types\/page"}],"author":[{"embeddable":true,"href":"https:\/\/www.amicaledessommeliers.com\/Outaouais\/wp-json\/wp\/v2\/users\/3"}],"replies":[{"embeddable":true,"href":"https:\/\/www.amicaledessommeliers.com\/Outaouais\/wp-json\/wp\/v2\/comments?post=2826"}],"version-history":[{"count":15,"href":"https:\/\/www.amicaledessommeliers.com\/Outaouais\/wp-json\/wp\/v2\/pages\/2826\/revisions"}],"predecessor-version":[{"id":6038,"href":"https:\/\/www.amicaledessommeliers.com\/Outaouais\/wp-json\/wp\/v2\/pages\/2826\/revisions\/6038"}],"up":[{"embeddable":true,"href":"https:\/\/www.amicaledessommeliers.com\/Outaouais\/wp-json\/wp\/v2\/pages\/266"}],"wp:attachment":[{"href":"https:\/\/www.amicaledessommeliers.com\/Outaouais\/wp-json\/wp\/v2\/media?parent=2826"}],"curies":[{"name":"wp","href":"https:\/\/api.w.org\/{rel}","templated":true}]}}